
Convert -2100 (base 4) to base 3.
-12100
What is 1441 (base 6) in base 8?
601
188b8 (base 13) to base 5
3011030
Convert acb (base 14) to base 15.
979
What is -5075 (base 12) in base 2?
-10001000011001
10b8 (base 15) to base 2
110111011100
What is -34010 (base 5) in base 2?
-100101001100
What is -10100011001100 (base 2) in base 15?
-3164
What is -111001011 (base 2) in base 11?
-388
-3577 (base 11) to base 16
-124a
What is -10b0 (base 13) in base 8?
-4444
6601 (base 14) to base 7
102301
-110101100 (base 2) to base 12
-2b8
Convert -13c7 (base 15) to base 9.
-5727
What is -5e1 (base 16) in base 2?
-10111100001
What is -714 (base 13) in base 6?
-5320
80 (base 11) to base 16
58
-11389 (base 13) to base 9
-47034
-95a (base 11) to base 4
-102002
-493 (base 13) to base 16
-31c
Convert 85a (base 15) to base 14.
989
Convert -9a68 (base 13) to base 2.
-101010000101101
Convert 10001010001010110 (base 2) to base 15.
15e62
Convert -193 (base 12) to base 3.
-100110
12a5 (base 16) to base 10
4773
-110000110 (base 2) to base 16
-186
232012 (base 4) to base 12
185a
Convert -1001101100 (base 2) to base 9.
-758
Convert -415 (base 12) to base 7.
-1505
Convert -3ca (base 16) to base 7.
-2554
Convert 122240 (base 5) to base 2.
1001001010111
What is -75e (base 15) in base 16?
-680
Convert -21da (base 15) to base 13.
-3364
Convert -121200 (base 4) to base 9.
-2213
Convert 12131 (base 4) to base 12.
2a5
6b6 (base 16) to base 10
1718
-2894 (base 14) to base 5
-212221
Convert -100011010 (base 2) to base 9.
-343
What is 139a (base 12) in base 13?
1063
What is 11000011110 (base 2) in base 5?
22231
What is 610 (base 10) in base 9?
747
Convert -902b (base 15) to base 6.
-352452
392 (base 11) to base 13
299
-231221 (base 4) to base 13
-1439
What is -a10 (base 13) in base 10?
-1703
Convert -2011021111 (base 3) to base 11.
-29a12
What is -16e0 (base 15) in base 6?
-34503
Convert -222323 (base 4) to base 13.
-1334
81b8 (base 13) to base 4
10113220
What is -5570 (base 12) in base 6?
-111420
895 (base 10) to base 9
1204
-1020001 (base 4) to base 13
-2137
-4b4 (base 15) to base 3
-1110121
-84a6 (base 12) to base 14
-5418
-3833 (base 9) to base 15
-cb0
What is -11021 (base 4) in base 12?
-235
Convert 1813 (base 9) to base 2.
10101101101
What is 10434 (base 6) in base 8?
2666
What is -102162 (base 7) in base 15?
-5326
-13160 (base 11) to base 5
-1100241
What is -314c (base 13) in base 14?
-26b6
463 (base 12) to base 5
10101
Convert -4399 (base 12) to base 2.
-1110100100101
-45 (base 14) to base 9
-67
739 (base 15) to base 6
11313
11202032 (base 4) to base 7
123044
10302 (base 7) to base 16
9f6
5005 (base 6) to base 9
1435
What is 21204 (base 8) in base 5?
240321
-765 (base 9) to base 4
-21302
What is -40136 (base 7) in base 15?
-2d05
What is 9c (base 15) in base 13?
b4
What is -585 (base 13) in base 16?
-3ba
Convert -1672 (base 11) to base 12.
-12a0
11001000111 (base 2) to base 9
2175
Convert -a9a0 (base 12) to base 5.
-1044241
11122101 (base 3) to base 8
6471
What is -10101100010 (base 2) in base 9?
-1801
Convert -2663 (base 7) to base 5.
-13100
3695 (base 10) to base 8
7157
Convert -10001100001 (base 2) to base 10.
-1121
What is -194b (base 16) in base 6?
-45551
Convert -112221111 (base 3) to base 15.
-3364
What is 32210 (base 7) in base 9?
11862
-8131 (base 14) to base 7
-121461
Convert 57 (base 16) to base 8.
127
a92 (base 11) to base 15
5c6
What is -111 (base 2) in base 14?
-7
Convert 13e9 (base 15) to base 11.
3231
Convert -ce7 (base 16) to base 3.
-11112100
-10000010111 (base 2) to base 12
-733
155a (base 11) to base 15
8d6
-23736 (base 9) to base 11
-10a53
What is 8516 (base 10) in base 11?
6442
-1172b (base 12) to base 14
-87d1
What is 466 (base 8) in base 13?
1ab
10111101011110 (base 2) to base 8
27536
Convert -595 (base 15) to base 2.
-10011110001
-25d1 (base 16) to base 12
-5729
Convert c5c8 (base 13) to base 7.
142543
-31056 (base 7) to base 13
-35b8
440 (base 5) to base 6
320
-1001010000111 (base 2) to base 11
-3622
Convert -15ae (base 16) to base 4.
-1112232
-3783 (base 12) to base 8
-14223
201100 (base 4) to base 16
850
26325 (base 7) to base 2
1101101110010
Convert 463 (base 16) to base 14.
5a3
What is -229 (base 14) in base 3?
-120220
What is -503 (base 11) in base 2?
-1001100000
-102011001 (base 3) to base 7
-32461
1202201 (base 3) to base 7
3520
100001001011 (base 2) to base 12
128b
738 (base 13) to base 3
1200120
-1984 (base 11) to base 9
-3401
Convert 27155 (base 9) to base 16.
47b4
Convert -151 (base 6) to base 9.
-74
What is -1101011110100 (base 2) in base 13?
-31aa
What is -ca6 (base 15) in base 7?
-11220
Convert -2001 (base 3) to base 4.
-313
fd0 (base 16) to base 14
1692
What is -201122 (base 3) in base 10?
-530
Convert -25a (base 13) to base 15.
-1c8
What is 358 (base 11) in base 8?
652
What is 5739 (base 12) in base 8?
22735
Convert -201411 (base 5) to base 4.
-1211101
Convert 749 (base 11) to base 16.
384
1352 (base 8) to base 2
1011101010
Convert 11101111 (base 3) to base 2.
110001111111
830 (base 10) to base 11
695
5544 (base 7) to base 8
3710
Convert 1cc53 (base 13) to base 12.
28bb9
Convert 31401 (base 7) to base 16.
1e3f
Convert 11111110010110 (base 2) to base 14.
5d0a
-964 (base 16) to base 11
-1896
-11110111000001 (base 2) to base 11
-10972
Convert 6447 (base 10) to base 11.
4931
Convert ec1 (base 15) to base 8.
6403
a16 (base 16) to base 8
5026
ea7 (base 15) to base 12
1ab7
121012 (base 3) to base 14
233
Convert 14460 (base 8) to base 4.
1210300
What is -13150 (base 7) in base 9?
-4734
Convert -843 (base 10) to base 9.
-1136
-72 (base 10) to base 4
-1020
What is 103 (base 13) in base 7?
334
What is -11222 (base 3) in base 12?
-b2
-1201 (base 7) to base 11
-372
Convert -12053 (base 6) to base 16.
-6e1
159a (base 11) to base 7
5651
229 (base 14) to base 10
429
Convert 12c3 (base 16) to base 7.
20001
What is 145131 (base 6) in base 7?
56044
What is 237b (base 13) in base 9?
6768
Convert 241333 (base 6) to base 13.
9798
What is -13333 (base 4) in base 7?
-1330
What is 1312442 (base 5) in base 8?
62615
What is 846 (base 10) in base 6?
3530
What is 204134 (base 5) in base 4?
1222022
Convert -102100221 (base 3) to base 12.
-4967
What is 13001102 (base 4) in base 7?
146555
What is 42311 (base 5) in base 11?
2144
-2581 (base 12) to base 7
-15313
What is -34432 (base 8) in base 11?
-aa8a
-183a0 (base 11) to base 15
-7977
-101111101010 (base 2) to base 12
-1922
-14706 (base 10) to base 15
-4556
What is -303013 (base 4) in base 7?
-12352
1001110110011 (base 2) to base 16
13b3
Convert 760 (base 14) to base 6.
10424
What is -112211 (base 4) in base 5?
-21240
Convert 7220 (base 8) to base 5.
104403
Convert -d7 (base 16) to base 10.
-215
Convert -1902 (base 12) to base 14.
-1162
What is -2834 (base 16) in base 6?
-115352
What is -40015 (base 8) in base 6?
-203525
Convert a30 (base 16) to base 6.
20024
-102011 (base 3) to base 5
-2201
Convert 262 (base 9) to base 7.
431
Convert 1040011 (base 6) to base 15.
10567
-24504 (base 6) to base 3
-11222211
What is -629 (base 10) in base 12?
-445
Convert -7a1 (base 14) to base 4.
-113221
70d7 (base 14) to base 10
19397
Convert -3213 (base 5) to base 10.
-433
What is 2221302 (base 4) in base 7?
43452
-657 (base 16) to base 13
-97b
Convert -47e (base 15) to base 2.
-1111111011
Convert -ad3 (base 14) to base 9.
-2843
What is -465c (base 16) in base 14?
-67c8
-2932 (base 12) to base 16
-12b6
What is -10343 (base 12) in base 16?
-52e3
What is 246 (base 10) in base 15?
116
What is -a71 (base 11) in base 2?
-10100001000
Convert -807 (base 15) to base 13.
-a90
What is 3859 (base 12) in base 15?
1d70
What is 14421 (base 5) in base 15?
576
Convert 620 (base 11) to base 2.
1011101100
What is 2c1 (base 16) in base 7?
2025
Convert 110111111010110 (base 2) to base 8.
67726
-102035 (base 6) to base 11
-6203
-1100111001 (base 2) to base 4
-30321
What is -33b (base 14) in base 9?
-782
What is 101011001000 (base 2) in base 15?
c40
545 (base 6) to base 7
416
Convert 46106 (base 8) to base 10.
19526
Convert 1b6 (base 15) to base 2.
110001100
4004423 (base 5) to base 8
173211
Convert -5c3 (base 14) to base 3.
-1120122
What is 617 (base 8) in base 9?
483
What is -41142 (base 10) in base 8?
-120266
What is 25 (base 15) in base 6?
55
9530 (b